{"id":1083,"date":"2025-07-29T18:39:41","date_gmt":"2025-07-29T18:39:41","guid":{"rendered":"https:\/\/aquallux.com.br\/?page_id=1083"},"modified":"2025-07-29T20:06:47","modified_gmt":"2025-07-29T20:06:47","slug":"texturas-2","status":"publish","type":"page","link":"https:\/\/aquallux.com.br\/?page_id=1083","title":{"rendered":"Texturas"},"content":{"rendered":"\t\t<div data-elementor-type=\"wp-page\" data-elementor-id=\"1083\" class=\"elementor elementor-1083\">\n\t\t\t\t<div class=\"elementor-element elementor-element-undefined-ca80a30 e-con-full e-flex e-con e-parent\" data-id=\"undefined-ca80a30\" data-element_type=\"container\" data-e-type=\"container\" data-settings=\"{&quot;background_background&quot;:&quot;classic&quot;}\">\n\t\t\t\t<div class=\"elementor-element elementor-element-undefined-808ade7 elementor-widget elementor-widget-heading\" data-id=\"undefined-808ade7\" data-element_type=\"widget\" data-e-type=\"widget\" data-widget_type=\"heading.default\">\n\t\t\t\t<div class=\"elementor-widget-container\">\n\t\t\t\t\t<h2 class=\"elementor-heading-title elementor-size-default\">Tipos de Texturas \/ Polimento<\/h2>\t\t\t\t<\/div>\n\t\t\t\t<\/div>\n\t\t<div class=\"elementor-element elementor-element-undefined-9cee6fa e-con-full e-flex e-con e-child\" data-id=\"undefined-9cee6fa\" data-element_type=\"container\" data-e-type=\"container\">\n\t\t<div class=\"elementor-element elementor-element-undefined-21a4727 e-con-full e-flex e-con e-child\" data-id=\"undefined-21a4727\" data-element_type=\"container\" data-e-type=\"container\">\n\t\t\t\t<div class=\"elementor-element elementor-element-undefined-606769b elementor-widget-divider--view-line elementor-widget elementor-widget-divider\" data-id=\"undefined-606769b\" data-element_type=\"widget\" data-e-type=\"widget\" data-widget_type=\"divider.default\">\n\t\t\t\t<div class=\"elementor-widget-container\">\n\t\t\t\t\t\t\t<div class=\"elementor-divider\">\n\t\t\t<span class=\"elementor-divider-separator\">\n\t\t\t\t\t\t<\/span>\n\t\t<\/div>\n\t\t\t\t\t\t<\/div>\n\t\t\t\t<\/div>\n\t\t\t\t<div class=\"elementor-element elementor-element-undefined-f3d0bf6 elementor-widget elementor-widget-heading\" data-id=\"undefined-f3d0bf6\" data-element_type=\"widget\" data-e-type=\"widget\" data-widget_type=\"heading.default\">\n\t\t\t\t<div class=\"elementor-widget-container\">\n\t\t\t\t\t<h2 class=\"elementor-heading-title elementor-size-default\">Polido<\/h2>\t\t\t\t<\/div>\n\t\t\t\t<\/div>\n\t\t\t\t<div class=\"elementor-element elementor-element-undefined-9f1aa81 elementor-widget elementor-widget-text-editor\" data-id=\"undefined-9f1aa81\" data-element_type=\"widget\" data-e-type=\"widget\" data-widget_type=\"text-editor.default\">\n\t\t\t\t<div class=\"elementor-widget-container\">\n\t\t\t\t\t\t\t\t\t<p>O polido \u00e9 um acabamento suave e brilhante, ideal para aumentar a beleza natural do m\u00e1rmore e do granito. Esse tipo de polimento real\u00e7a as cores e veios das pedras, tornando-as mais atraentes e f\u00e1ceis de limpar.<\/p>\t\t\t\t\t\t\t\t<\/div>\n\t\t\t\t<\/div>\n\t\t\t\t<\/div>\n\t\t<div class=\"elementor-element elementor-element-undefined-39d248a e-con-full e-flex e-con e-child\" data-id=\"undefined-39d248a\" data-element_type=\"container\" data-e-type=\"container\">\n\t\t\t\t<div class=\"elementor-element elementor-element-undefined-b2f3922 elementor-widget-divider--view-line elementor-widget elementor-widget-divider\" data-id=\"undefined-b2f3922\" data-element_type=\"widget\" data-e-type=\"widget\" data-widget_type=\"divider.default\">\n\t\t\t\t<div class=\"elementor-widget-container\">\n\t\t\t\t\t\t\t<div class=\"elementor-divider\">\n\t\t\t<span class=\"elementor-divider-separator\">\n\t\t\t\t\t\t<\/span>\n\t\t<\/div>\n\t\t\t\t\t\t<\/div>\n\t\t\t\t<\/div>\n\t\t\t\t<div class=\"elementor-element elementor-element-undefined-c2546a9 elementor-widget elementor-widget-heading\" data-id=\"undefined-c2546a9\" data-element_type=\"widget\" data-e-type=\"widget\" data-widget_type=\"heading.default\">\n\t\t\t\t<div class=\"elementor-widget-container\">\n\t\t\t\t\t<h2 class=\"elementor-heading-title elementor-size-default\">Flameado<\/h2>\t\t\t\t<\/div>\n\t\t\t\t<\/div>\n\t\t\t\t<div class=\"elementor-element elementor-element-undefined-a6912fa elementor-widget elementor-widget-text-editor\" data-id=\"undefined-a6912fa\" data-element_type=\"widget\" data-e-type=\"widget\" data-widget_type=\"text-editor.default\">\n\t\t\t\t<div class=\"elementor-widget-container\">\n\t\t\t\t\t\t\t\t\t<p>O acabamento flameado \u00e9 obtido atrav\u00e9s do uso de fogo, gerando uma superf\u00edcie texturizada e antiderrapante. \u00c9 uma excelente escolha para \u00e1reas externas, podendo resistir bem a intemp\u00e9ries e desgaste.<\/p>\t\t\t\t\t\t\t\t<\/div>\n\t\t\t\t<\/div>\n\t\t\t\t<\/div>\n\t\t<div class=\"elementor-element elementor-element-undefined-fb5a553 e-con-full e-flex e-con e-child\" data-id=\"undefined-fb5a553\" data-element_type=\"container\" data-e-type=\"container\">\n\t\t\t\t<div class=\"elementor-element elementor-element-undefined-b05b01d elementor-widget-divider--view-line elementor-widget elementor-widget-divider\" data-id=\"undefined-b05b01d\" data-element_type=\"widget\" data-e-type=\"widget\" data-widget_type=\"divider.default\">\n\t\t\t\t<div class=\"elementor-widget-container\">\n\t\t\t\t\t\t\t<div class=\"elementor-divider\">\n\t\t\t<span class=\"elementor-divider-separator\">\n\t\t\t\t\t\t<\/span>\n\t\t<\/div>\n\t\t\t\t\t\t<\/div>\n\t\t\t\t<\/div>\n\t\t\t\t<div class=\"elementor-element elementor-element-undefined-082e748 elementor-widget elementor-widget-heading\" data-id=\"undefined-082e748\" data-element_type=\"widget\" data-e-type=\"widget\" data-widget_type=\"heading.default\">\n\t\t\t\t<div class=\"elementor-widget-container\">\n\t\t\t\t\t<h2 class=\"elementor-heading-title elementor-size-default\">Levigado<\/h2>\t\t\t\t<\/div>\n\t\t\t\t<\/div>\n\t\t\t\t<div class=\"elementor-element elementor-element-undefined-d0216ed elementor-widget elementor-widget-text-editor\" data-id=\"undefined-d0216ed\" data-element_type=\"widget\" data-e-type=\"widget\" data-widget_type=\"text-editor.default\">\n\t\t\t\t<div class=\"elementor-widget-container\">\n\t\t\t\t\t\t\t\t\t<p>O levigado oferece uma superf\u00edcie lisa, por\u00e9m menos brilhante que o polido. Ele \u00e9 muitas vezes escolhido para ambientes internos, proporcionando um visual elegante e moderno, com boa resist\u00eancia ao desgaste.<\/p>\t\t\t\t\t\t\t\t<\/div>\n\t\t\t\t<\/div>\n\t\t\t\t<\/div>\n\t\t<div class=\"elementor-element elementor-element-undefined-92c9409 e-con-full e-flex e-con e-child\" data-id=\"undefined-92c9409\" data-element_type=\"container\" data-e-type=\"container\">\n\t\t\t\t<div class=\"elementor-element elementor-element-undefined-d19f132 elementor-widget-divider--view-line elementor-widget elementor-widget-divider\" data-id=\"undefined-d19f132\" data-element_type=\"widget\" data-e-type=\"widget\" data-widget_type=\"divider.default\">\n\t\t\t\t<div class=\"elementor-widget-container\">\n\t\t\t\t\t\t\t<div class=\"elementor-divider\">\n\t\t\t<span class=\"elementor-divider-separator\">\n\t\t\t\t\t\t<\/span>\n\t\t<\/div>\n\t\t\t\t\t\t<\/div>\n\t\t\t\t<\/div>\n\t\t\t\t<div class=\"elementor-element elementor-element-undefined-816d718 elementor-widget elementor-widget-heading\" data-id=\"undefined-816d718\" data-element_type=\"widget\" data-e-type=\"widget\" data-widget_type=\"heading.default\">\n\t\t\t\t<div class=\"elementor-widget-container\">\n\t\t\t\t\t<h2 class=\"elementor-heading-title elementor-size-default\">Jateado<\/h2>\t\t\t\t<\/div>\n\t\t\t\t<\/div>\n\t\t\t\t<div class=\"elementor-element elementor-element-undefined-841f05a elementor-widget elementor-widget-text-editor\" data-id=\"undefined-841f05a\" data-element_type=\"widget\" data-e-type=\"widget\" data-widget_type=\"text-editor.default\">\n\t\t\t\t<div class=\"elementor-widget-container\">\n\t\t\t\t\t\t\t\t\t<p>O jateado \u00e9 um polimento que cria uma textura mais rugosa e fosca, ideal para quem busca um acabamento diferenciado. \u00c9 particularmente \u00fatil em \u00e1reas que precisam de maior ader\u00eancia, como escadas e pisos.<\/p>\t\t\t\t\t\t\t\t<\/div>\n\t\t\t\t<\/div>\n\t\t\t\t<\/div>\n\t\t\t\t<\/div>\n\t\t\t\t<\/div>\n\t\t<div class=\"elementor-element elementor-element-31cf4fd e-con-full e-flex e-con e-parent\" data-id=\"31cf4fd\" data-element_type=\"container\" data-e-type=\"container\" data-settings=\"{&quot;background_background&quot;:&quot;classic&quot;}\">\n\t\t<div class=\"elementor-element elementor-element-18932d5 e-con-full e-flex e-con e-child\" data-id=\"18932d5\" data-element_type=\"container\" data-e-type=\"container\">\n\t\t<div class=\"elementor-element elementor-element-434b61b e-con-full e-flex e-con e-child\" data-id=\"434b61b\" data-element_type=\"container\" data-e-type=\"container\">\n\t\t\t\t<div class=\"elementor-element elementor-element-8279b1b elementor-widget-divider--view-line elementor-widget elementor-widget-divider\" data-id=\"8279b1b\" data-element_type=\"widget\" data-e-type=\"widget\" data-widget_type=\"divider.default\">\n\t\t\t\t<div class=\"elementor-widget-container\">\n\t\t\t\t\t\t\t<div class=\"elementor-divider\">\n\t\t\t<span class=\"elementor-divider-separator\">\n\t\t\t\t\t\t<\/span>\n\t\t<\/div>\n\t\t\t\t\t\t<\/div>\n\t\t\t\t<\/div>\n\t\t\t\t<div class=\"elementor-element elementor-element-36cbd3e elementor-widget elementor-widget-heading\" data-id=\"36cbd3e\" data-element_type=\"widget\" data-e-type=\"widget\" data-widget_type=\"heading.default\">\n\t\t\t\t<div class=\"elementor-widget-container\">\n\t\t\t\t\t<h2 class=\"elementor-heading-title elementor-size-default\">Anticato\n<\/h2>\t\t\t\t<\/div>\n\t\t\t\t<\/div>\n\t\t\t\t<div class=\"elementor-element elementor-element-77f2738 elementor-widget elementor-widget-text-editor\" data-id=\"77f2738\" data-element_type=\"widget\" data-e-type=\"widget\" data-widget_type=\"text-editor.default\">\n\t\t\t\t<div class=\"elementor-widget-container\">\n\t\t\t\t\t\t\t\t\t<p>O granito anticado, tamb\u00e9m conhecido como granito envelhecido, \u00e9 um tipo de acabamento que confere uma apar\u00eancia r\u00fastica e texturizada \u00e0 pedra. Este acabamento \u00e9 obtido atrav\u00e9s de um processo de escova\u00e7\u00e3o e envelhecimento que suaviza a superf\u00edcie e destaca as caracter\u00edsticas naturais do granito. O resultado \u00e9 uma apar\u00eancia menos brilhante e mais suave ao toque, com uma textura que pode proporcionar mais ader\u00eancia.<\/p>\t\t\t\t\t\t\t\t<\/div>\n\t\t\t\t<\/div>\n\t\t\t\t<\/div>\n\t\t<div class=\"elementor-element elementor-element-12e71dd e-con-full e-flex e-con e-child\" data-id=\"12e71dd\" data-element_type=\"container\" data-e-type=\"container\">\n\t\t\t\t<div class=\"elementor-element elementor-element-5fe0c01 elementor-widget-divider--view-line elementor-widget elementor-widget-divider\" data-id=\"5fe0c01\" data-element_type=\"widget\" data-e-type=\"widget\" data-widget_type=\"divider.default\">\n\t\t\t\t<div class=\"elementor-widget-container\">\n\t\t\t\t\t\t\t<div class=\"elementor-divider\">\n\t\t\t<span class=\"elementor-divider-separator\">\n\t\t\t\t\t\t<\/span>\n\t\t<\/div>\n\t\t\t\t\t\t<\/div>\n\t\t\t\t<\/div>\n\t\t\t\t<div class=\"elementor-element elementor-element-d115f13 elementor-widget elementor-widget-heading\" data-id=\"d115f13\" data-element_type=\"widget\" data-e-type=\"widget\" data-widget_type=\"heading.default\">\n\t\t\t\t<div class=\"elementor-widget-container\">\n\t\t\t\t\t<h2 class=\"elementor-heading-title elementor-size-default\">Escovado<\/h2>\t\t\t\t<\/div>\n\t\t\t\t<\/div>\n\t\t\t\t<div class=\"elementor-element elementor-element-4e52ef8 elementor-widget elementor-widget-text-editor\" data-id=\"4e52ef8\" data-element_type=\"widget\" data-e-type=\"widget\" data-widget_type=\"text-editor.default\">\n\t\t\t\t<div class=\"elementor-widget-container\">\n\t\t\t\t\t\t\t\t\t<p>Granito escovado \u00e9 uma t\u00e9cnica de acabamento onde a superf\u00edcie do granito \u00e9 texturizada com escovas de a\u00e7o, resultando em um aspecto fosco e levemente \u00e1spero. Esse acabamento confere ao granito um visual mais r\u00fastico e natural, al\u00e9m de ser menos escorregadio, o que pode ser uma vantagem em \u00e1reas como cozinhas e banheiros.<\/p>\t\t\t\t\t\t\t\t<\/div>\n\t\t\t\t<\/div>\n\t\t\t\t<\/div>\n\t\t<div class=\"elementor-element elementor-element-6cf8dc5 e-con-full e-flex e-con e-child\" data-id=\"6cf8dc5\" data-element_type=\"container\" data-e-type=\"container\">\n\t\t\t\t<\/div>\n\t\t<div class=\"elementor-element elementor-element-a453e4f e-con-full e-flex e-con e-child\" data-id=\"a453e4f\" data-element_type=\"container\" data-e-type=\"container\">\n\t\t\t\t<\/div>\n\t\t\t\t<\/div>\n\t\t\t\t<\/div>\n\t\t\t\t<\/div>\n\t\t<div style=\"margin: 20px 0;\"><div class=\"qrcswholewtapper\" style=\"text-align:left;\"><div class=\"qrcprowrapper\"  id=\"qrcwraa2leds\"><div class=\"qrc_canvass\" id=\"qrc_cuttenpages_2\" style=\"display:none\" data-text=\"https:\/\/aquallux.com.br\/?page_id=1083\"><\/div><div><a download=\"Texturas.png\" class=\"qrcdownloads\" id=\"worign\">\r\n           <button type=\"button\" style=\"min-width:200px;background:#dddddd;color:#000;font-weight: 600;border: 1px solid #dddddd;border-radius:4px;font-size:12px;padding: 6px 0;\" class=\"uqr_code_btn\">Download QR<\/button>\r\n           <\/a><\/div><\/div><\/div><\/div>","protected":false},"excerpt":{"rendered":"<p>Tipos de Texturas \/ Polimento Polido O polido \u00e9 um acabamento suave e brilhante, ideal para aumentar a beleza natural do m\u00e1rmore e do granito. Esse tipo de polimento real\u00e7a as cores e veios das pedras, tornando-as mais atraentes e f\u00e1ceis de limpar. Flameado O acabamento flameado \u00e9 obtido atrav\u00e9s do uso de fogo, gerando [&hellip;]<\/p>\n","protected":false},"author":1,"featured_media":0,"parent":0,"menu_order":0,"comment_status":"closed","ping_status":"closed","template":"","meta":{"_eb_attr":"","footnotes":""},"class_list":["post-1083","page","type-page","status-publish","hentry"],"aioseo_notices":[],"_links":{"self":[{"href":"https:\/\/aquallux.com.br\/index.php?rest_route=\/wp\/v2\/pages\/1083","targetHints":{"allow":["GET"]}}],"collection":[{"href":"https:\/\/aquallux.com.br\/index.php?rest_route=\/wp\/v2\/pages"}],"about":[{"href":"https:\/\/aquallux.com.br\/index.php?rest_route=\/wp\/v2\/types\/page"}],"author":[{"embeddable":true,"href":"https:\/\/aquallux.com.br\/index.php?rest_route=\/wp\/v2\/users\/1"}],"replies":[{"embeddable":true,"href":"https:\/\/aquallux.com.br\/index.php?rest_route=%2Fwp%2Fv2%2Fcomments&post=1083"}],"version-history":[{"count":17,"href":"https:\/\/aquallux.com.br\/index.php?rest_route=\/wp\/v2\/pages\/1083\/revisions"}],"predecessor-version":[{"id":1152,"href":"https:\/\/aquallux.com.br\/index.php?rest_route=\/wp\/v2\/pages\/1083\/revisions\/1152"}],"wp:attachment":[{"href":"https:\/\/aquallux.com.br\/index.php?rest_route=%2Fwp%2Fv2%2Fmedia&parent=1083"}],"curies":[{"name":"wp","href":"https:\/\/api.w.org\/{rel}","templated":true}]}}